{"id":732,"date":"2024-10-23T18:02:38","date_gmt":"2024-10-23T16:02:38","guid":{"rendered":"https:\/\/www.forum-klimaschutz-gmunden.at\/?page_id=732"},"modified":"2026-02-17T20:01:59","modified_gmt":"2026-02-17T19:01:59","slug":"klimapolitik","status":"publish","type":"page","link":"https:\/\/www.forum-klimaschutz-gmunden.at\/?page_id=732","title":{"rendered":"Klimapolitik"},"content":{"rendered":"\n<div class=\"wp-block-cover alignfull\"><img loading=\"lazy\" decoding=\"async\" width=\"2560\" height=\"698\" class=\"wp-block-cover__image-background wp-image-2256\" alt=\"\" src=\"https:\/\/www.forum-klimaschutz-gmunden.at\/wp-content\/uploads\/2025\/01\/WhatsApp-Bild-2024-05-13-um-07.09.19_215dca7b-1-scaled.jpg\" data-object-fit=\"cover\" srcset=\"https:\/\/www.forum-klimaschutz-gmunden.at\/wp-content\/uploads\/2025\/01\/WhatsApp-Bild-2024-05-13-um-07.09.19_215dca7b-1-scaled.jpg 2560w, https:\/\/www.forum-klimaschutz-gmunden.at\/wp-content\/uploads\/2025\/01\/WhatsApp-Bild-2024-05-13-um-07.09.19_215dca7b-1-300x82.jpg 300w, https:\/\/www.forum-klimaschutz-gmunden.at\/wp-content\/uploads\/2025\/01\/WhatsApp-Bild-2024-05-13-um-07.09.19_215dca7b-1-1024x279.jpg 1024w, https:\/\/www.forum-klimaschutz-gmunden.at\/wp-content\/uploads\/2025\/01\/WhatsApp-Bild-2024-05-13-um-07.09.19_215dca7b-1-768x209.jpg 768w, https:\/\/www.forum-klimaschutz-gmunden.at\/wp-content\/uploads\/2025\/01\/WhatsApp-Bild-2024-05-13-um-07.09.19_215dca7b-1-1536x419.jpg 1536w, https:\/\/www.forum-klimaschutz-gmunden.at\/wp-content\/uploads\/2025\/01\/WhatsApp-Bild-2024-05-13-um-07.09.19_215dca7b-1-2048x558.jpg 2048w\" sizes=\"auto, (max-width: 2560px) 100vw, 2560px\" \/><span aria-hidden=\"true\" class=\"wp-block-cover__background has-background-dim-40 has-background-dim\" style=\"background-color:#8195ae\"><\/span><div class=\"wp-block-cover__inner-container has-global-padding is-layout-constrained wp-block-cover-is-layout-constrained\">\n<h1 class=\"wp-block-heading alignwide has-text-align-center has-base-color has-text-color has-link-color has-xx-large-font-size wp-elements-b9696c610a92eea2c3f1e54ef1aa2663\"><strong>Klimapolitik &#8211; Partizipation<\/strong><\/h1>\n<\/div><\/div>\n\n\n\n<div style=\"height:18px\" aria-hidden=\"true\" class=\"wp-block-spacer\"><\/div>\n\n\n\n<h4 class=\"wp-block-heading has-text-align-center\">Global \u2013 National \u2013 Kommunal<\/h4>\n\n\n\n<p class=\"has-text-align-center\">Derzeit \u00e4ndert sich das Klima in einer noch nie dagewesenen Geschwindigkeit. Die Menschheit k\u00f6nnte durch ungebremste F\u00f6rderung und Verbrennung fossiler Energietr\u00e4ger einen globalen Temperaturanstieg von 4 \u00b0C innerhalb von nur 300 Jahren bewirken. <br>Europa, der Alpenraum und somit auch Gmunden w\u00fcrden davon noch st\u00e4rker betroffen sein.<\/p>\n\n\n\n<p>Der <a href=\"https:\/\/aar2.ccca.ac.at\/\" target=\"_blank\" rel=\"noreferrer noopener\">Zweite \u00f6sterreichische Sachstandsbericht zum Klimawandel<\/a> (AAR2) bietet eine umfassende Aufbereitung der aktuellen wissenschaftlichen Erkenntnisse zum Klimawandel sowie den damit verbundenen Risiken und zeigt m\u00f6gliche Anpassungsma\u00dfnahmen auf.<\/p>\n\n\n\n<p>Aus diesem Bericht k\u00f6nnen auch die Risiken f\u00fcr Gmunden und die f\u00fcr die Politik empfohlenen Anpassungsstrategien abgeleitet werden.<\/p>\n\n\n\n<div data-wp-interactive=\"core\/file\" class=\"wp-block-file alignwide\" style=\"padding-right:var(--wp--preset--spacing--60);padding-left:var(--wp--preset--spacing--60)\"><object data-wp-bind--hidden=\"!state.hasPdfPreview\" hidden class=\"wp-block-file__embed\" data=\"https:\/\/www.forum-klimaschutz-gmunden.at\/wp-content\/uploads\/2025\/11\/Klimabezogene-Risiken-fuer-Gmunden.pdf\" type=\"application\/pdf\" style=\"width:100%;height:600px\" aria-label=\"Einbettung von Klimabezogene Risiken f\u00fcr Gmunden.\"><\/object><a id=\"wp-block-file--media-01d266fd-ec61-44fb-8021-fe011d9f0da4\" href=\"https:\/\/www.forum-klimaschutz-gmunden.at\/wp-content\/uploads\/2025\/11\/Klimabezogene-Risiken-fuer-Gmunden.pdf\">Klimabezogene Risiken f\u00fcr Gmunden<\/a><\/div>\n\n\n\n<div style=\"height:20px\" aria-hidden=\"true\" class=\"wp-block-spacer\"><\/div>\n\n\n\n<p>Auch 2025 ist die Klimapolitik in \u00d6sterreich gepr\u00e4gt von einer Bundesregierung, die Emissionsreduktionen nicht zielorientiert verfolgt, von einer Sozialpartnerschaft, die vorwiegend \u00f6konomische sowie soziale Interessen vertritt, von einer oft hinderlichen f\u00f6deralen Kompetenzstruktur und von einer Zivilgesellschaft, die diesen strukturellen Hemmnissen zu wenig entgegensetzt (vgl. APCC Special Report: Strukturen f\u00fcr ein klimafreundliches Leben S. 388-402).<\/p>\n\n\n\n<p class=\"has-text-align-left has-medium-font-size\">Was ist zu tun, wenn die Politik auf Bundes-, Landes- und Gemeindeebene \u00fcber mehrere Legislaturperioden die Ziele beim Klimaschutz nicht erreicht? <\/p>\n\n\n\n<p>Eine Antwort auf kommunaler Ebene ist das zivilgesellschaftliche Projekt &#8222;Forum f\u00fcr Klimaschutz in Gmunden&#8220;. Die theoretischen Grundlagen dazu wurden in einer Projektarbeit an der Fachhochschule Joanneum in Graz 2024 erstellt.<\/p>\n\n\n\n<div data-wp-interactive=\"core\/file\" class=\"wp-block-file alignwide\" style=\"padding-right:var(--wp--preset--spacing--60);padding-left:var(--wp--preset--spacing--60)\"><object data-wp-bind--hidden=\"!state.hasPdfPreview\" hidden class=\"wp-block-file__embed\" data=\"https:\/\/www.forum-klimaschutz-gmunden.at\/wp-content\/uploads\/2024\/10\/Kommunaler-Klimaschutz-Ein-zivilgesellschaftliches-Projekt.pdf\" type=\"application\/pdf\" style=\"width:100%;height:600px\" aria-label=\"Einbettung von Kommunaler Klimaschutz -  Ein zivilgesellschaftliches Projekt.\"><\/object><a id=\"wp-block-file--media-a669a613-459e-4fee-80a5-7c97dda22190\" href=\"https:\/\/www.forum-klimaschutz-gmunden.at\/wp-content\/uploads\/2024\/10\/Kommunaler-Klimaschutz-Ein-zivilgesellschaftliches-Projekt.pdf\">Kommunaler Klimaschutz &#8211;  Ein zivilgesellschaftliches Projekt<\/a><\/div>\n\n\n\n<div style=\"height:20px\" aria-hidden=\"true\" class=\"wp-block-spacer\"><\/div>\n\n\n\n<p>Die Stadtgemeinde Gmunden hat als eine der ersten Kommunen in Ober\u00f6sterreich eine strukturierte und umsetzungsorientierte \u201eKlimastrategie Gmunden 2030\u201c entwickelt.<\/p>\n\n\n\n<p>Wir vom Forum sehen es als unsere Aufgabe, immer wieder darauf hinzuweisen, dass die Vorhaben der Klimastrategie auch umgesetzt werden m\u00fcssen. So, wie es auch im <a href=\"https:\/\/www.gmunden.at\/verwaltung-politik\/klima-energie-umwelt-tiere\/klimaschutz-information-und-beratung\/\" target=\"_blank\" rel=\"noreferrer noopener\">Jahresbericht<\/a> (1. Evaluierung der Klimastrategie Gmunden 2023) steht:<\/p>\n\n\n\n<blockquote class=\"wp-block-quote alignfull has-text-align-center has-large-font-size is-layout-flow wp-block-quote-is-layout-flow\">\n<h4 class=\"wp-block-heading\"><em>Jede Ma\u00dfnahme, jeder Beschluss der Gemeinde muss auf seine <\/em><em>Klimarelevanz hin \u00fcberpr\u00fcft werden<\/em><\/h4>\n<\/blockquote>\n\n\n\n<p><strong>Klimapolitik versus Scheinklimaschutz<\/strong><br>\u201eWer etwas \u00e4ndern will, findet Wege. Wer nicht, findet Ausreden.\u201c <br>Klimapolitik-Experte Reinhard Steurer spricht \u00fcber den gesellschaftlichen Umgang mit der Klimakrise, entkr\u00e4ftet g\u00e4ngige Ablenkungs- und Verz\u00f6gerungsdiskurse und analysiert die Bedeutung von gesellschaftlichem Engagement und Aktivismus.<\/p>\n\n\n\n<figure class=\"wp-block-embed is-type-video is-provider-youtube wp-block-embed-youtube wp-embed-aspect-16-9 wp-has-aspect-ratio\"><div class=\"wp-block-embed__wrapper\">\n<iframe loading=\"lazy\" title=\"Webinar: Achtung Scheinklimaschutz! Warum es wichtig ist Klartext zu reden.\" width=\"500\" height=\"281\" src=\"https:\/\/www.youtube.com\/embed\/oNM1DwHp7A0?feature=oembed\" frameborder=\"0\" allow=\"accelerometer; autoplay; clipboard-write; encrypted-media; gyroscope; picture-in-picture; web-share\" referrerpolicy=\"strict-origin-when-cross-origin\" allowfullscreen><\/iframe>\n<\/div><\/figure>\n\n\n\n<p>Klare Worte von Reinhard Steurer. Wir wollen ihn nach Gmunden einladen.<\/p>\n\n\n\n<div class=\"wp-block-buttons is-content-justification-center is-layout-flex wp-container-core-buttons-is-layout-a89b3969 wp-block-buttons-is-layout-flex\">\n<div class=\"wp-block-button is-style-fill\"><a class=\"wp-block-button__link has-base-color has-text-color has-link-color wp-element-button\" href=\"https:\/\/www.forum-klimaschutz-gmunden.at\/?page_id=139\">zur\u00fcck zur Themen-\u00dcbersicht<\/a><\/div>\n<\/div>\n\n\n\n<p class=\"has-text-align-center has-small-font-size\">Titelbild: Rebekka Schuh<\/p>\n\n\n\n<p><\/p>\n","protected":false},"excerpt":{"rendered":"<p>Global \u2013 National \u2013 Kommunal Derzeit \u00e4ndert sich das Klima in einer noch nie dagewesenen Geschwindigkeit. Die Menschheit k\u00f6nnte durch ungebremste F\u00f6rderung und Verbrennung fossiler Energietr\u00e4ger einen globalen Temperaturanstieg von 4 \u00b0C innerhalb von nur 300 Jahren bewirken. Europa, der Alpenraum und somit auch Gmunden w\u00fcrden davon noch st\u00e4rker betroffen sein. Der Zweite \u00f6sterreichische Sachstandsbericht [&hellip;]<\/p>\n","protected":false},"author":1,"featured_media":0,"parent":0,"menu_order":0,"comment_status":"closed","ping_status":"closed","template":"startseite","meta":{"ngg_post_thumbnail":0,"footnotes":""},"class_list":["post-732","page","type-page","status-publish","hentry"],"_links":{"self":[{"href":"https:\/\/www.forum-klimaschutz-gmunden.at\/index.php?rest_route=\/wp\/v2\/pages\/732","targetHints":{"allow":["GET"]}}],"collection":[{"href":"https:\/\/www.forum-klimaschutz-gmunden.at\/index.php?rest_route=\/wp\/v2\/pages"}],"about":[{"href":"https:\/\/www.forum-klimaschutz-gmunden.at\/index.php?rest_route=\/wp\/v2\/types\/page"}],"author":[{"embeddable":true,"href":"https:\/\/www.forum-klimaschutz-gmunden.at\/index.php?rest_route=\/wp\/v2\/users\/1"}],"replies":[{"embeddable":true,"href":"https:\/\/www.forum-klimaschutz-gmunden.at\/index.php?rest_route=%2Fwp%2Fv2%2Fcomments&post=732"}],"version-history":[{"count":81,"href":"https:\/\/www.forum-klimaschutz-gmunden.at\/index.php?rest_route=\/wp\/v2\/pages\/732\/revisions"}],"predecessor-version":[{"id":3802,"href":"https:\/\/www.forum-klimaschutz-gmunden.at\/index.php?rest_route=\/wp\/v2\/pages\/732\/revisions\/3802"}],"wp:attachment":[{"href":"https:\/\/www.forum-klimaschutz-gmunden.at\/index.php?rest_route=%2Fwp%2Fv2%2Fmedia&parent=732"}],"curies":[{"name":"wp","href":"https:\/\/api.w.org\/{rel}","templated":true}]}}