{"id":3588,"date":"2026-02-09T16:17:04","date_gmt":"2026-02-09T15:17:04","guid":{"rendered":"https:\/\/www.forum-klimaschutz-gmunden.at\/?page_id=3588"},"modified":"2026-03-17T19:07:56","modified_gmt":"2026-03-17T18:07:56","slug":"klima-allinaz-ooe","status":"publish","type":"page","link":"https:\/\/www.forum-klimaschutz-gmunden.at\/?page_id=3588","title":{"rendered":"KLIMA ALLINAZ O\u00d6"},"content":{"rendered":"\n<div class=\"wp-block-cover alignfull is-light\"><img loading=\"lazy\" decoding=\"async\" width=\"1024\" height=\"195\" class=\"wp-block-cover__image-background wp-image-3661 size-full\" alt=\"\" src=\"https:\/\/www.forum-klimaschutz-gmunden.at\/wp-content\/uploads\/2026\/02\/klimaschutz-mit-sachverstand_2024-01-19-8b2-1024x195-2.jpg\" style=\"object-position:0% 55%\" data-object-fit=\"cover\" data-object-position=\"0% 55%\" srcset=\"https:\/\/www.forum-klimaschutz-gmunden.at\/wp-content\/uploads\/2026\/02\/klimaschutz-mit-sachverstand_2024-01-19-8b2-1024x195-2.jpg 1024w, https:\/\/www.forum-klimaschutz-gmunden.at\/wp-content\/uploads\/2026\/02\/klimaschutz-mit-sachverstand_2024-01-19-8b2-1024x195-2-300x57.jpg 300w, https:\/\/www.forum-klimaschutz-gmunden.at\/wp-content\/uploads\/2026\/02\/klimaschutz-mit-sachverstand_2024-01-19-8b2-1024x195-2-768x146.jpg 768w\" sizes=\"auto, (max-width: 1024px) 100vw, 1024px\" \/><span aria-hidden=\"true\" class=\"wp-block-cover__background has-background-dim\" style=\"background-color:#8195ae\"><\/span><div class=\"wp-block-cover__inner-container has-global-padding is-layout-constrained wp-block-cover-is-layout-constrained\">\n<h2 class=\"wp-block-heading alignwide has-text-align-center has-base-color has-text-color has-link-color has-xx-large-font-size wp-elements-49f4520bd69ad7fb7ce6d51e3cf91bfb\"><strong>Klima-Allianz Ober\u00f6sterreich<\/strong><\/h2>\n<\/div><\/div>\n\n\n\n<div style=\"height:20px\" aria-hidden=\"true\" class=\"wp-block-spacer\"><\/div>\n\n\n\n<h4 class=\"wp-block-heading has-text-align-center\"><a href=\"https:\/\/klimaallianz-ooe.at\/\" data-type=\"link\" data-id=\"https:\/\/klimaallianz-ooe.at\/\" target=\"_blank\" rel=\"noreferrer noopener\">Netzwerk f\u00fcr ein klimaneutrales Ober\u00f6sterreich<\/a><\/h4>\n\n\n\n<p class=\"has-text-align-center\">Die Klima-Allianz Ober\u00f6sterreich ist ein Zusammenschluss zivilgesellschaftlicher Organisationen, die das Land Ober\u00f6sterreich auffordern, umgehend einen Klimaschutzplan vorzulegen, der im Einklang mit dem Pariser Klimaschutz-Abkommen steht.&nbsp;<\/p>\n\n\n\n<blockquote class=\"wp-block-quote alignwide has-text-align-center is-layout-flow wp-block-quote-is-layout-flow\">\n<p>Emissionen machen vor Gemeindegrenzen nicht halt <\/p>\n<\/blockquote>\n\n\n\n<p class=\"has-text-align-center\">Das Forum f\u00fcr Klimaschutz setzt seine Aktivit\u00e4ten in Gmunden. Zusammen mit B\u00fcrgerinnen und B\u00fcrgern, mit Politik, Wirtschaft und Forschung wollen wir Klimaschutz auf kommunaler Ebene voranbringen.<\/p>\n\n\n\n<figure data-wp-context=\"{&quot;imageId&quot;:&quot;6a046a45dcafc&quot;}\" data-wp-interactive=\"core\/image\" data-wp-key=\"6a046a45dcafc\" class=\"wp-block-image size-large wp-lightbox-container\"><img loading=\"lazy\" decoding=\"async\" width=\"1024\" height=\"768\" data-wp-class--hide=\"state.isContentHidden\" data-wp-class--show=\"state.isContentVisible\" data-wp-init=\"callbacks.setButtonStyles\" data-wp-on--click=\"actions.showLightbox\" data-wp-on--load=\"callbacks.setButtonStyles\" data-wp-on-window--resize=\"callbacks.setButtonStyles\" src=\"https:\/\/www.forum-klimaschutz-gmunden.at\/wp-content\/uploads\/2026\/03\/IMG_3383-1024x768.jpg\" alt=\"\" class=\"wp-image-3892\" srcset=\"https:\/\/www.forum-klimaschutz-gmunden.at\/wp-content\/uploads\/2026\/03\/IMG_3383-1024x768.jpg 1024w, https:\/\/www.forum-klimaschutz-gmunden.at\/wp-content\/uploads\/2026\/03\/IMG_3383-300x225.jpg 300w, https:\/\/www.forum-klimaschutz-gmunden.at\/wp-content\/uploads\/2026\/03\/IMG_3383-768x576.jpg 768w, https:\/\/www.forum-klimaschutz-gmunden.at\/wp-content\/uploads\/2026\/03\/IMG_3383-1536x1152.jpg 1536w, https:\/\/www.forum-klimaschutz-gmunden.at\/wp-content\/uploads\/2026\/03\/IMG_3383.jpg 1600w\" sizes=\"auto, (max-width: 1024px) 100vw, 1024px\" \/><button\n\t\t\tclass=\"lightbox-trigger\"\n\t\t\ttype=\"button\"\n\t\t\taria-haspopup=\"dialog\"\n\t\t\taria-label=\"Vergr\u00f6\u00dfern\"\n\t\t\tdata-wp-init=\"callbacks.initTriggerButton\"\n\t\t\tdata-wp-on--click=\"actions.showLightbox\"\n\t\t\tdata-wp-style--right=\"state.imageButtonRight\"\n\t\t\tdata-wp-style--top=\"state.imageButtonTop\"\n\t\t>\n\t\t\t<svg xmlns=\"http:\/\/www.w3.org\/2000\/svg\" width=\"12\" height=\"12\" fill=\"none\" viewBox=\"0 0 12 12\">\n\t\t\t\t<path fill=\"#fff\" d=\"M2 0a2 2 0 0 0-2 2v2h1.5V2a.5.5 0 0 1 .5-.5h2V0H2Zm2 10.5H2a.5.5 0 0 1-.5-.5V8H0v2a2 2 0 0 0 2 2h2v-1.5ZM8 12v-1.5h2a.5.5 0 0 0 .5-.5V8H12v2a2 2 0 0 1-2 2H8Zm2-12a2 2 0 0 1 2 2v2h-1.5V2a.5.5 0 0 0-.5-.5H8V0h2Z\" \/>\n\t\t\t<\/svg>\n\t\t<\/button><figcaption class=\"wp-element-caption\">Foto: Klima-Allianz O\u00d6<\/figcaption><\/figure>\n\n\n\n<p class=\"has-text-align-left\">Gesetzliche Regelungen zum Klimaschutz kommen von der EU, vom \u00f6sterreichischen Parlament und vom Land Ober\u00f6sterreich. Daher richten sich berechtiget Forderungen des Gmundner Klima-Forums nicht nur an die Stadt Gmunden, sondern auch an das Land O\u00d6. Die Zusammenarbeit mit der Klima-Allianz Ober\u00f6sterreich wird unsere Wirksamkeit verst\u00e4rken.<\/p>\n\n\n\n<div style=\"height:20px\" aria-hidden=\"true\" class=\"wp-block-spacer\"><\/div>\n\n\n\n<h4 class=\"wp-block-heading has-text-align-center\">Klimaschutzplan<\/h4>\n\n\n\n<p>Die Klima-Allianz Ober\u00f6sterreich fordert das Land Ober\u00f6sterreich auf, umgehend einen Klimaschutzplan vorzulegen, der im Einklang mit dem Pariser Klimaschutz-Abkommen steht. Dieser Plan, der umgehend erstellt werden soll, m\u00f6ge beinhalten:<\/p>\n\n\n\n<ul class=\"wp-block-list\">\n<li>Konkrete CO<sub>2<\/sub>-Reduktionsziele f\u00fcr O\u00d6.<\/li>\n\n\n\n<li>Einen Ma\u00dfnahmen-Katalog, der sicherstellt, dass die Zielvorgaben eingehalten werden k\u00f6nnen. Damit verbunden muss es Kontrollm\u00f6glichkeiten und rechtliche Konsequenzen bei Nichteinhaltung geben.<\/li>\n\n\n\n<li>Ein laufendes und \u00f6ffentlich zug\u00e4ngliches Monitoring zur Erhebung der tats\u00e4chlichen Reduktionen an Treibhausgasemissionen.<\/li>\n\n\n\n<li>Eine Ver\u00f6ffentlichung der errechneten noch verf\u00fcgbaren CO<sub>2<\/sub>-Emissionen f\u00fcr O\u00d6 anteilig am noch verf\u00fcgbaren globalen CO<sub>2<\/sub>-Budget.<\/li>\n<\/ul>\n\n\n\n<p class=\"has-text-align-center\"><\/p>\n","protected":false},"excerpt":{"rendered":"<p>Netzwerk f\u00fcr ein klimaneutrales Ober\u00f6sterreich Die Klima-Allianz Ober\u00f6sterreich ist ein Zusammenschluss zivilgesellschaftlicher Organisationen, die das Land Ober\u00f6sterreich auffordern, umgehend einen Klimaschutzplan vorzulegen, der im Einklang mit dem Pariser Klimaschutz-Abkommen steht.&nbsp; Emissionen machen vor Gemeindegrenzen nicht halt Das Forum f\u00fcr Klimaschutz setzt seine Aktivit\u00e4ten in Gmunden. Zusammen mit B\u00fcrgerinnen und B\u00fcrgern, mit Politik, Wirtschaft und Forschung [&hellip;]<\/p>\n","protected":false},"author":1,"featured_media":0,"parent":0,"menu_order":0,"comment_status":"closed","ping_status":"closed","template":"startseite","meta":{"ngg_post_thumbnail":0,"footnotes":""},"class_list":["post-3588","page","type-page","status-publish","hentry"],"_links":{"self":[{"href":"https:\/\/www.forum-klimaschutz-gmunden.at\/index.php?rest_route=\/wp\/v2\/pages\/3588","targetHints":{"allow":["GET"]}}],"collection":[{"href":"https:\/\/www.forum-klimaschutz-gmunden.at\/index.php?rest_route=\/wp\/v2\/pages"}],"about":[{"href":"https:\/\/www.forum-klimaschutz-gmunden.at\/index.php?rest_route=\/wp\/v2\/types\/page"}],"author":[{"embeddable":true,"href":"https:\/\/www.forum-klimaschutz-gmunden.at\/index.php?rest_route=\/wp\/v2\/users\/1"}],"replies":[{"embeddable":true,"href":"https:\/\/www.forum-klimaschutz-gmunden.at\/index.php?rest_route=%2Fwp%2Fv2%2Fcomments&post=3588"}],"version-history":[{"count":12,"href":"https:\/\/www.forum-klimaschutz-gmunden.at\/index.php?rest_route=\/wp\/v2\/pages\/3588\/revisions"}],"predecessor-version":[{"id":3896,"href":"https:\/\/www.forum-klimaschutz-gmunden.at\/index.php?rest_route=\/wp\/v2\/pages\/3588\/revisions\/3896"}],"wp:attachment":[{"href":"https:\/\/www.forum-klimaschutz-gmunden.at\/index.php?rest_route=%2Fwp%2Fv2%2Fmedia&parent=3588"}],"curies":[{"name":"wp","href":"https:\/\/api.w.org\/{rel}","templated":true}]}}