{"id":3350,"date":"2025-11-07T09:46:58","date_gmt":"2025-11-07T08:46:58","guid":{"rendered":"https:\/\/www.forum-klimaschutz-gmunden.at\/?page_id=3350"},"modified":"2026-03-17T18:41:27","modified_gmt":"2026-03-17T17:41:27","slug":"energiespeicher","status":"publish","type":"page","link":"https:\/\/www.forum-klimaschutz-gmunden.at\/?page_id=3350","title":{"rendered":"Vortrag Energiespeicher"},"content":{"rendered":"\n<div class=\"wp-block-cover alignfull is-light\"><img loading=\"lazy\" decoding=\"async\" width=\"1024\" height=\"352\" class=\"wp-block-cover__image-background wp-image-3354 size-large\" alt=\"\" src=\"https:\/\/www.forum-klimaschutz-gmunden.at\/wp-content\/uploads\/2025\/11\/render20-highres-sortiment_roughness0.25-1024x352.png\" data-object-fit=\"cover\" srcset=\"https:\/\/www.forum-klimaschutz-gmunden.at\/wp-content\/uploads\/2025\/11\/render20-highres-sortiment_roughness0.25-1024x352.png 1024w, https:\/\/www.forum-klimaschutz-gmunden.at\/wp-content\/uploads\/2025\/11\/render20-highres-sortiment_roughness0.25-300x103.png 300w, https:\/\/www.forum-klimaschutz-gmunden.at\/wp-content\/uploads\/2025\/11\/render20-highres-sortiment_roughness0.25-768x264.png 768w, https:\/\/www.forum-klimaschutz-gmunden.at\/wp-content\/uploads\/2025\/11\/render20-highres-sortiment_roughness0.25-1536x528.png 1536w, https:\/\/www.forum-klimaschutz-gmunden.at\/wp-content\/uploads\/2025\/11\/render20-highres-sortiment_roughness0.25-2048x704.png 2048w\" sizes=\"auto, (max-width: 1024px) 100vw, 1024px\" \/><span aria-hidden=\"true\" class=\"wp-block-cover__background has-background-dim\" style=\"background-color:#8195ae\"><\/span><div class=\"wp-block-cover__inner-container is-layout-flow wp-block-cover-is-layout-flow\">\n<p class=\"has-text-align-center has-base-color has-text-color has-link-color has-xx-large-font-size wp-elements-cd777fca7287a32d9ac72ef9f994e46e\"><br><strong>Warum Speicher die Energiewende erst m\u00f6glich machen<\/strong><\/p>\n<\/div><\/div>\n\n\n\n<div style=\"height:20px\" aria-hidden=\"true\" class=\"wp-block-spacer\"><\/div>\n\n\n\n<p class=\"has-text-align-center\">Die Energiewende bringt Chancen, aber auch Herausforderungen. Eine der gr\u00f6\u00dften Fragen lautet: Wie kann Sonnenenergie zuverl\u00e4ssig rund um die Uhr genutzt werden? Denn erneuerbare Energie steht nicht immer dann zur Verf\u00fcgung, wenn wir sie brauchen. <\/p>\n\n\n\n<blockquote class=\"wp-block-quote alignwide has-text-align-center is-layout-flow wp-block-quote-is-layout-flow\">\n<h4 class=\"wp-block-heading\"><em>Speicher sind der Schl\u00fcssel zu einer stabilen und nachhaltigen Energieversorgung<\/em><\/h4>\n<\/blockquote>\n\n\n\n<div class=\"wp-block-columns is-layout-flex wp-container-core-columns-is-layout-c5150b4a wp-block-columns-is-layout-flex\">\n<div class=\"wp-block-column is-layout-flow wp-block-column-is-layout-flow\" style=\"flex-basis:33.33%\">\n<figure data-wp-context=\"{&quot;imageId&quot;:&quot;6a07077602d8b&quot;}\" data-wp-interactive=\"core\/image\" data-wp-key=\"6a07077602d8b\" class=\"wp-block-image aligncenter size-large wp-lightbox-container\"><img loading=\"lazy\" decoding=\"async\" width=\"724\" height=\"1024\" data-wp-class--hide=\"state.isContentHidden\" data-wp-class--show=\"state.isContentVisible\" data-wp-init=\"callbacks.setButtonStyles\" data-wp-on--click=\"actions.showLightbox\" data-wp-on--load=\"callbacks.setButtonStyles\" data-wp-on-window--resize=\"callbacks.setButtonStyles\" src=\"https:\/\/www.forum-klimaschutz-gmunden.at\/wp-content\/uploads\/2025\/11\/Energiespeicher-verstehen-724x1024.png\" alt=\"\" class=\"wp-image-3353\" srcset=\"https:\/\/www.forum-klimaschutz-gmunden.at\/wp-content\/uploads\/2025\/11\/Energiespeicher-verstehen-724x1024.png 724w, https:\/\/www.forum-klimaschutz-gmunden.at\/wp-content\/uploads\/2025\/11\/Energiespeicher-verstehen-212x300.png 212w, https:\/\/www.forum-klimaschutz-gmunden.at\/wp-content\/uploads\/2025\/11\/Energiespeicher-verstehen-768x1086.png 768w, https:\/\/www.forum-klimaschutz-gmunden.at\/wp-content\/uploads\/2025\/11\/Energiespeicher-verstehen-1086x1536.png 1086w, https:\/\/www.forum-klimaschutz-gmunden.at\/wp-content\/uploads\/2025\/11\/Energiespeicher-verstehen-1448x2048.png 1448w, https:\/\/www.forum-klimaschutz-gmunden.at\/wp-content\/uploads\/2025\/11\/Energiespeicher-verstehen.png 1587w\" sizes=\"auto, (max-width: 724px) 100vw, 724px\" \/><button\n\t\t\tclass=\"lightbox-trigger\"\n\t\t\ttype=\"button\"\n\t\t\taria-haspopup=\"dialog\"\n\t\t\taria-label=\"Vergr\u00f6\u00dfern\"\n\t\t\tdata-wp-init=\"callbacks.initTriggerButton\"\n\t\t\tdata-wp-on--click=\"actions.showLightbox\"\n\t\t\tdata-wp-style--right=\"state.imageButtonRight\"\n\t\t\tdata-wp-style--top=\"state.imageButtonTop\"\n\t\t>\n\t\t\t<svg xmlns=\"http:\/\/www.w3.org\/2000\/svg\" width=\"12\" height=\"12\" fill=\"none\" viewBox=\"0 0 12 12\">\n\t\t\t\t<path fill=\"#fff\" d=\"M2 0a2 2 0 0 0-2 2v2h1.5V2a.5.5 0 0 1 .5-.5h2V0H2Zm2 10.5H2a.5.5 0 0 1-.5-.5V8H0v2a2 2 0 0 0 2 2h2v-1.5ZM8 12v-1.5h2a.5.5 0 0 0 .5-.5V8H12v2a2 2 0 0 1-2 2H8Zm2-12a2 2 0 0 1 2 2v2h-1.5V2a.5.5 0 0 0-.5-.5H8V0h2Z\" \/>\n\t\t\t<\/svg>\n\t\t<\/button><\/figure>\n<\/div>\n\n\n\n<div class=\"wp-block-column has-global-padding is-layout-constrained wp-block-column-is-layout-constrained\" style=\"flex-basis:66.66%\">\n<p>Im Vortrag &#8222;Energiespeicher verstehen&#8220; erkl\u00e4rt der Mechatroniker Karl Zeilhofer praxisnah, welche M\u00f6glichkeiten Batteriesysteme f\u00fcr Eigenverbrauch und Autarkie bieten, mit welchen Leistungen gerechnet werden kann und warum Speicher das Netz entlasten sowie den Ausbaubedarf reduzieren k\u00f6nnen. Zeilhofer ist spezialisiert auf die Entwicklung und Produktion von Hochvoltbatterien f\u00fcr private Photovoltaikanlagen.<\/p>\n<\/div>\n<\/div>\n\n\n\n<p>In der anschlie\u00dfenden Diskussion beantwortete Karl Zeilhofer zahlreiche Fragen des fachkundigen Publikums. <\/p>\n\n\n\nngg_shortcode_0_placeholder\n\n\n\n<p class=\"has-text-align-center has-small-font-size\">Fotos von C. Auer<\/p>\n\n\n\n<p>Vielen Dank an Karl Zeilhofer f\u00fcr den Vortrag und an Direktor Rainer Leitner f\u00fcr die Zurverf\u00fcgungstellung des Saals.<\/p>\n\n\n\n<div style=\"height:20px\" aria-hidden=\"true\" class=\"wp-block-spacer\"><\/div>\n\n\n\n<h4 class=\"wp-block-heading has-text-align-center\">Links<\/h4>\n\n\n\n<ul class=\"wp-block-list\">\n<li><a href=\"https:\/\/zellhoff.at\/\" target=\"_blank\" rel=\"noreferrer noopener\">Zellhoff GmbH<\/a><\/li>\n\n\n\n<li><a href=\"https:\/\/gartenkraftwerk.at\/doku.php?id=start\" target=\"_blank\" rel=\"noreferrer noopener\">Gartenkraftwerk<\/a><\/li>\n<\/ul>\n\n\n\n<div data-wp-interactive=\"core\/file\" class=\"wp-block-file alignwide\"><object data-wp-bind--hidden=\"!state.hasPdfPreview\" hidden class=\"wp-block-file__embed\" data=\"https:\/\/www.forum-klimaschutz-gmunden.at\/wp-content\/uploads\/2025\/11\/Zellhoff-Fotopraesentation.pdf\" type=\"application\/pdf\" style=\"width:100%;height:600px\" aria-label=\"Einbettung von Zellhoff Fotopr\u00e4sentation.\"><\/object><a id=\"wp-block-file--media-a8bd5180-ae18-42f9-a07c-3c26a6dbced1\" href=\"https:\/\/www.forum-klimaschutz-gmunden.at\/wp-content\/uploads\/2025\/11\/Zellhoff-Fotopraesentation.pdf\">Zellhoff Fotopr\u00e4sentation<\/a><a href=\"https:\/\/www.forum-klimaschutz-gmunden.at\/wp-content\/uploads\/2025\/11\/Zellhoff-Fotopraesentation.pdf\" class=\"wp-block-file__button wp-element-button\" download aria-describedby=\"wp-block-file--media-a8bd5180-ae18-42f9-a07c-3c26a6dbced1\">Herunterladen<\/a><\/div>\n\n\n\n<div style=\"height:20px\" aria-hidden=\"true\" class=\"wp-block-spacer\"><\/div>\n\n\n\n<div class=\"wp-block-buttons is-content-justification-center is-layout-flex wp-container-core-buttons-is-layout-a89b3969 wp-block-buttons-is-layout-flex\">\n<div class=\"wp-block-button is-style-fill\"><a class=\"wp-block-button__link has-base-color has-text-color has-link-color wp-element-button\" href=\"https:\/\/www.forum-klimaschutz-gmunden.at\/?page_id=1006\">zur\u00fcck zu &#8222;Erneuerbare Energie&#8220;<\/a><\/div>\n<\/div>\n\n\n\n<p class=\"has-text-align-center has-small-font-size\">Titelbild: Karl Zeilhofer<\/p>\n","protected":false},"excerpt":{"rendered":"<p>Die Energiewende bringt Chancen, aber auch Herausforderungen. Eine der gr\u00f6\u00dften Fragen lautet: Wie kann Sonnenenergie zuverl\u00e4ssig rund um die Uhr genutzt werden? Denn erneuerbare Energie steht nicht immer dann zur Verf\u00fcgung, wenn wir sie brauchen. Speicher sind der Schl\u00fcssel zu einer stabilen und nachhaltigen Energieversorgung Im Vortrag &#8222;Energiespeicher verstehen&#8220; erkl\u00e4rt der Mechatroniker Karl Zeilhofer praxisnah, [&hellip;]<\/p>\n","protected":false},"author":1,"featured_media":0,"parent":0,"menu_order":0,"comment_status":"closed","ping_status":"closed","template":"startseite","meta":{"ngg_post_thumbnail":0,"footnotes":""},"class_list":["post-3350","page","type-page","status-publish","hentry"],"_links":{"self":[{"href":"https:\/\/www.forum-klimaschutz-gmunden.at\/index.php?rest_route=\/wp\/v2\/pages\/3350","targetHints":{"allow":["GET"]}}],"collection":[{"href":"https:\/\/www.forum-klimaschutz-gmunden.at\/index.php?rest_route=\/wp\/v2\/pages"}],"about":[{"href":"https:\/\/www.forum-klimaschutz-gmunden.at\/index.php?rest_route=\/wp\/v2\/types\/page"}],"author":[{"embeddable":true,"href":"https:\/\/www.forum-klimaschutz-gmunden.at\/index.php?rest_route=\/wp\/v2\/users\/1"}],"replies":[{"embeddable":true,"href":"https:\/\/www.forum-klimaschutz-gmunden.at\/index.php?rest_route=%2Fwp%2Fv2%2Fcomments&post=3350"}],"version-history":[{"count":11,"href":"https:\/\/www.forum-klimaschutz-gmunden.at\/index.php?rest_route=\/wp\/v2\/pages\/3350\/revisions"}],"predecessor-version":[{"id":3888,"href":"https:\/\/www.forum-klimaschutz-gmunden.at\/index.php?rest_route=\/wp\/v2\/pages\/3350\/revisions\/3888"}],"wp:attachment":[{"href":"https:\/\/www.forum-klimaschutz-gmunden.at\/index.php?rest_route=%2Fwp%2Fv2%2Fmedia&parent=3350"}],"curies":[{"name":"wp","href":"https:\/\/api.w.org\/{rel}","templated":true}]}}