{"id":2825,"date":"2025-05-24T12:05:12","date_gmt":"2025-05-24T10:05:12","guid":{"rendered":"https:\/\/www.forum-klimaschutz-gmunden.at\/?page_id=2825"},"modified":"2025-10-13T20:07:32","modified_gmt":"2025-10-13T18:07:32","slug":"rodung-in-der-toskana","status":"publish","type":"page","link":"https:\/\/www.forum-klimaschutz-gmunden.at\/?page_id=2825","title":{"rendered":"Rodung in der Toskana"},"content":{"rendered":"\n<div class=\"wp-block-cover alignfull\"><img loading=\"lazy\" decoding=\"async\" width=\"1024\" height=\"768\" class=\"wp-block-cover__image-background wp-image-2890 size-large\" alt=\"\" src=\"https:\/\/www.forum-klimaschutz-gmunden.at\/wp-content\/uploads\/2025\/05\/IMG_3548-1-1024x768.jpg\" data-object-fit=\"cover\" srcset=\"https:\/\/www.forum-klimaschutz-gmunden.at\/wp-content\/uploads\/2025\/05\/IMG_3548-1-1024x768.jpg 1024w, https:\/\/www.forum-klimaschutz-gmunden.at\/wp-content\/uploads\/2025\/05\/IMG_3548-1-300x225.jpg 300w, https:\/\/www.forum-klimaschutz-gmunden.at\/wp-content\/uploads\/2025\/05\/IMG_3548-1-768x576.jpg 768w, https:\/\/www.forum-klimaschutz-gmunden.at\/wp-content\/uploads\/2025\/05\/IMG_3548-1-1536x1152.jpg 1536w, https:\/\/www.forum-klimaschutz-gmunden.at\/wp-content\/uploads\/2025\/05\/IMG_3548-1-2048x1536.jpg 2048w\" sizes=\"auto, (max-width: 1024px) 100vw, 1024px\" \/><span aria-hidden=\"true\" class=\"wp-block-cover__background has-background-dim-30 has-background-dim\" style=\"background-color:#4e8881\"><\/span><div class=\"wp-block-cover__inner-container has-global-padding is-layout-constrained wp-block-cover-is-layout-constrained\">\n<h4 class=\"wp-block-heading alignfull has-text-align-center has-base-color has-text-color has-link-color has-xx-large-font-size wp-elements-5a6b3f0f8b38508e19cb6553ec09653e\"><strong>Rodung des Toskana-Auwaldes f\u00fcr einen Parkplatz<\/strong><\/h4>\n<\/div><\/div>\n\n\n\n<div style=\"height:20px\" aria-hidden=\"true\" class=\"wp-block-spacer\"><\/div>\n\n\n\n<p class=\"has-text-align-center\">Im April 2025 wurden im Toskanapark in Gmunden ca. 6.000 m\u00b2 Wald f\u00fcr einen Parkplatz, der Teil eines geplanten Hotelprojekts ist, gerodet.<\/p>\n\n\n\n<p class=\"has-text-align-center\">Auch wenn rechtlich alle Bestimmungen eingehalten wurden, ist das in Zeiten der Klimakrise geradezu grotesk.<\/p>\n\n\n\n<p class=\"has-text-align-center\">Das Unverst\u00e4ndnis f\u00fcr dieses Vorgehen geht durch die ganze Bev\u00f6lkerung, zeigt sich bei Protestaktionen und spiegelt sich in zahlreichen Medienberichten.<\/p>\n\n\n\n<div style=\"height:20px\" aria-hidden=\"true\" class=\"wp-block-spacer\"><\/div>\n\n\n\n<div class=\"wp-block-columns alignwide is-layout-flex wp-container-core-columns-is-layout-28f84493 wp-block-columns-is-layout-flex\">\n<div class=\"wp-block-column has-global-padding is-layout-constrained wp-block-column-is-layout-constrained\" style=\"flex-basis:33.33%\">\n<figure data-wp-context=\"{&quot;imageId&quot;:&quot;6a070744c89a2&quot;}\" data-wp-interactive=\"core\/image\" data-wp-key=\"6a070744c89a2\" class=\"wp-block-image size-large wp-lightbox-container\"><img loading=\"lazy\" decoding=\"async\" width=\"1024\" height=\"768\" data-wp-class--hide=\"state.isContentHidden\" data-wp-class--show=\"state.isContentVisible\" data-wp-init=\"callbacks.setButtonStyles\" data-wp-on--click=\"actions.showLightbox\" data-wp-on--load=\"callbacks.setButtonStyles\" data-wp-on-window--resize=\"callbacks.setButtonStyles\" src=\"https:\/\/www.forum-klimaschutz-gmunden.at\/wp-content\/uploads\/2025\/05\/IMG_20250517_170440-1-1024x768.jpg\" alt=\"\" class=\"wp-image-2892\" srcset=\"https:\/\/www.forum-klimaschutz-gmunden.at\/wp-content\/uploads\/2025\/05\/IMG_20250517_170440-1-1024x768.jpg 1024w, https:\/\/www.forum-klimaschutz-gmunden.at\/wp-content\/uploads\/2025\/05\/IMG_20250517_170440-1-300x225.jpg 300w, https:\/\/www.forum-klimaschutz-gmunden.at\/wp-content\/uploads\/2025\/05\/IMG_20250517_170440-1-768x576.jpg 768w, https:\/\/www.forum-klimaschutz-gmunden.at\/wp-content\/uploads\/2025\/05\/IMG_20250517_170440-1.jpg 1228w\" sizes=\"auto, (max-width: 1024px) 100vw, 1024px\" \/><button\n\t\t\tclass=\"lightbox-trigger\"\n\t\t\ttype=\"button\"\n\t\t\taria-haspopup=\"dialog\"\n\t\t\taria-label=\"Vergr\u00f6\u00dfern\"\n\t\t\tdata-wp-init=\"callbacks.initTriggerButton\"\n\t\t\tdata-wp-on--click=\"actions.showLightbox\"\n\t\t\tdata-wp-style--right=\"state.imageButtonRight\"\n\t\t\tdata-wp-style--top=\"state.imageButtonTop\"\n\t\t>\n\t\t\t<svg xmlns=\"http:\/\/www.w3.org\/2000\/svg\" width=\"12\" height=\"12\" fill=\"none\" viewBox=\"0 0 12 12\">\n\t\t\t\t<path fill=\"#fff\" d=\"M2 0a2 2 0 0 0-2 2v2h1.5V2a.5.5 0 0 1 .5-.5h2V0H2Zm2 10.5H2a.5.5 0 0 1-.5-.5V8H0v2a2 2 0 0 0 2 2h2v-1.5ZM8 12v-1.5h2a.5.5 0 0 0 .5-.5V8H12v2a2 2 0 0 1-2 2H8Zm2-12a2 2 0 0 1 2 2v2h-1.5V2a.5.5 0 0 0-.5-.5H8V0h2Z\" \/>\n\t\t\t<\/svg>\n\t\t<\/button><\/figure>\n\n\n\n<p>Besuch von Absolventinnen und Absolventen der FH Joanneum Graz im Rahmen eines Workshops f\u00fcr Nachhaltigkeitskommunikation.<\/p>\n\n\n\n<div style=\"height:49px\" aria-hidden=\"true\" class=\"wp-block-spacer\"><\/div>\n\n\n\n<h4 class=\"wp-block-heading\">Studien zu Boden und Wald:<\/h4>\n\n\n\n<p><a href=\"https:\/\/ccca.ac.at\/wissenstransfer\/apcc\/special-reports\/srland\" target=\"_blank\" rel=\"noreferrer noopener\">APCC Report Landnutzung und Klimawandel <\/a> <br><a href=\"https:\/\/www.wwf.at\/artikel\/wald-klimaschutz\/\" target=\"_blank\" rel=\"noreferrer noopener\">Wald &amp; Klimaschutz &#8211; WWF \u00d6sterreich<\/a><\/p>\n<\/div>\n\n\n\n<div class=\"wp-block-column has-global-padding is-layout-constrained wp-block-column-is-layout-constrained\" style=\"flex-basis:66.66%\">\n<h4 class=\"wp-block-heading\">Stellungnahme des Forums f\u00fcr Klimaschutz<\/h4>\n\n\n\n<p>Bei der Gr\u00fcndung des Forum f\u00fcr Klimaschutz haben wir zwei Schwerpunkte unserer Arbeit definiert: Erstens, unser Appell an die Gemeinde, die 2022 beschlossene Klimastrategie in allen Punkten umzusetzen und zweitens, durch Vortr\u00e4ge, Exkursionen, Workshops und Sachinformation auf unserer Website zur Bewusstseinsbildung f\u00fcr den Klimaschutz beizutragen. <\/p>\n\n\n\n<p>Bauprojekte, die einen gro\u00dfen Ressourcenverbrauch verursachen, werden von uns ebenfalls kritisch betrachtet. Klimaschutz bedeutet nicht nur CO<sub>2<\/sub> Emissionen zu reduzieren, sondern auch die  Speicherung von Kohlenstoff in B\u00f6den und B\u00e4umen und somit den Schutz von intakter Natur. Dazu das Land O\u00d6:<\/p>\n\n\n\n<h4 class=\"wp-block-heading\">Der Wald als Kohlenstoff-Speicher<\/h4>\n\n\n\n<p>\u201e<em>Die Bedeutung des Waldbodens und auch der B\u00e4ume als&nbsp;CO<sub>2<\/sub>-Speicher wurde in der Vergangenheit vielfach unterbewertet. So kann die Nettoaufnahme von Kohlenstoff durch die W\u00e4lder in Europa 40&nbsp;Prozent der Gesamtkohlenstoffsenke des Kontinents ausmachen. Dabei wird Kohlenstoff nicht nur in neu aufgeforsteten Gebieten gebunden, sondern auch durch den Vorratsaufbau in bestehenden W\u00e4ldern wie auch durch die Humusverbesserung erreicht.<\/em>\u201c<br><a href=\"https:\/\/www.land-oberoesterreich.gv.at\/17350.htm\" target=\"_blank\" rel=\"noreferrer noopener\">Land Ober\u00f6sterreich &#8211; Der Wald als Kohlenstoff-Speicher<\/a><\/p>\n\n\n\n<div style=\"height:20px\" aria-hidden=\"true\" class=\"wp-block-spacer\"><\/div>\n<\/div>\n<\/div>\n\n\n\n<div class=\"wp-block-columns alignwide is-layout-flex wp-container-core-columns-is-layout-28f84493 wp-block-columns-is-layout-flex\">\n<div class=\"wp-block-column has-global-padding is-content-justification-left is-layout-constrained wp-container-core-column-is-layout-12dd3699 wp-block-column-is-layout-constrained\" style=\"flex-basis:66.66%\">\n<h4 class=\"wp-block-heading\">Fakten zur Rodung<\/h4>\n\n\n\n<ul class=\"wp-block-list\">\n<li>Beim Toskana-Parkplatz in Gmunden wurden ca. 6.000 m\u00b2 Wald f\u00fcr einen Parkplatz mit 227 Stellpl\u00e4tze gerodet.<\/li>\n\n\n\n<li>Der Parkplatz ist gedacht f\u00fcr ein geplantes Hotel beim Landschloss Ort.<\/li>\n\n\n\n<li>Das Grundst\u00fcck f\u00fcr den Parkplatz geh\u00f6rt der Bundes- und Landesimmobiliengesellschaft.<\/li>\n\n\n\n<li>Das Grundst\u00fcck ist im Fl\u00e4chenwidmungsplan als Verkehrsfl\u00e4che ausgewiesen. Daher war eine Umwidmung nicht erforderlich.<\/li>\n\n\n\n<li>Es liegt eine g\u00fcltige Rodungsbewilligung der Bezirksbeh\u00f6rde vor.<\/li>\n\n\n\n<li>Ersatzaufforstungen wurden durchgef\u00fchrt. Es wird jedoch Jahrzehnte dauern, bis die gepflanzten B\u00e4ume die Kohlenstoffspeicher-Funktion des Altbestands erreichen.<\/li>\n<\/ul>\n<\/div>\n\n\n\n<div class=\"wp-block-column has-global-padding is-layout-constrained wp-block-column-is-layout-constrained\" style=\"flex-basis:33.33%\">\n<figure data-wp-context=\"{&quot;imageId&quot;:&quot;6a070744c9507&quot;}\" data-wp-interactive=\"core\/image\" data-wp-key=\"6a070744c9507\" class=\"wp-block-image size-full wp-lightbox-container\"><img loading=\"lazy\" decoding=\"async\" width=\"1004\" height=\"836\" data-wp-class--hide=\"state.isContentHidden\" data-wp-class--show=\"state.isContentVisible\" data-wp-init=\"callbacks.setButtonStyles\" data-wp-on--click=\"actions.showLightbox\" data-wp-on--load=\"callbacks.setButtonStyles\" data-wp-on-window--resize=\"callbacks.setButtonStyles\" src=\"https:\/\/www.forum-klimaschutz-gmunden.at\/wp-content\/uploads\/2025\/06\/3286039_artikeldetail-1x1_1E2d9B_Vp5iCy-1.jpg\" alt=\"\" class=\"wp-image-3043\" srcset=\"https:\/\/www.forum-klimaschutz-gmunden.at\/wp-content\/uploads\/2025\/06\/3286039_artikeldetail-1x1_1E2d9B_Vp5iCy-1.jpg 1004w, https:\/\/www.forum-klimaschutz-gmunden.at\/wp-content\/uploads\/2025\/06\/3286039_artikeldetail-1x1_1E2d9B_Vp5iCy-1-300x250.jpg 300w, https:\/\/www.forum-klimaschutz-gmunden.at\/wp-content\/uploads\/2025\/06\/3286039_artikeldetail-1x1_1E2d9B_Vp5iCy-1-768x639.jpg 768w\" sizes=\"auto, (max-width: 1004px) 100vw, 1004px\" \/><button\n\t\t\tclass=\"lightbox-trigger\"\n\t\t\ttype=\"button\"\n\t\t\taria-haspopup=\"dialog\"\n\t\t\taria-label=\"Vergr\u00f6\u00dfern\"\n\t\t\tdata-wp-init=\"callbacks.initTriggerButton\"\n\t\t\tdata-wp-on--click=\"actions.showLightbox\"\n\t\t\tdata-wp-style--right=\"state.imageButtonRight\"\n\t\t\tdata-wp-style--top=\"state.imageButtonTop\"\n\t\t>\n\t\t\t<svg xmlns=\"http:\/\/www.w3.org\/2000\/svg\" width=\"12\" height=\"12\" fill=\"none\" viewBox=\"0 0 12 12\">\n\t\t\t\t<path fill=\"#fff\" d=\"M2 0a2 2 0 0 0-2 2v2h1.5V2a.5.5 0 0 1 .5-.5h2V0H2Zm2 10.5H2a.5.5 0 0 1-.5-.5V8H0v2a2 2 0 0 0 2 2h2v-1.5ZM8 12v-1.5h2a.5.5 0 0 0 .5-.5V8H12v2a2 2 0 0 1-2 2H8Zm2-12a2 2 0 0 1 2 2v2h-1.5V2a.5.5 0 0 0-.5-.5H8V0h2Z\" \/>\n\t\t\t<\/svg>\n\t\t<\/button><\/figure>\n\n\n\n<p>Mitglieder des Forums beim Versuch die Rodungsarbeiten zu stoppen (23. April 2025)<\/p>\n<\/div>\n\n\n\n<div class=\"wp-block-column is-layout-flow wp-block-column-is-layout-flow\"><\/div>\n<\/div>\n\n\n\n<div class=\"wp-block-columns alignwide is-layout-flex wp-container-core-columns-is-layout-28f84493 wp-block-columns-is-layout-flex\">\n<div class=\"wp-block-column has-global-padding is-layout-constrained wp-block-column-is-layout-constrained\" style=\"flex-basis:33.33%\">\n<figure class=\"wp-block-image size-large\"><img loading=\"lazy\" decoding=\"async\" width=\"1024\" height=\"1024\" src=\"https:\/\/www.forum-klimaschutz-gmunden.at\/wp-content\/uploads\/2025\/05\/question-1015308_1280-1024x1024.webp\" alt=\"\" class=\"wp-image-2889\" srcset=\"https:\/\/www.forum-klimaschutz-gmunden.at\/wp-content\/uploads\/2025\/05\/question-1015308_1280-1024x1024.webp 1024w, https:\/\/www.forum-klimaschutz-gmunden.at\/wp-content\/uploads\/2025\/05\/question-1015308_1280-300x300.webp 300w, https:\/\/www.forum-klimaschutz-gmunden.at\/wp-content\/uploads\/2025\/05\/question-1015308_1280-150x150.webp 150w, https:\/\/www.forum-klimaschutz-gmunden.at\/wp-content\/uploads\/2025\/05\/question-1015308_1280-768x768.webp 768w, https:\/\/www.forum-klimaschutz-gmunden.at\/wp-content\/uploads\/2025\/05\/question-1015308_1280.webp 1280w\" sizes=\"auto, (max-width: 1024px) 100vw, 1024px\" \/><\/figure>\n\n\n\n<p>Der \u00d6ffentlichkeit wird zum geplanten Hotel nicht viel mitgeteilt. Keine Pl\u00e4ne, kein Baubeginn, kein Investor.<\/p>\n\n\n\n<p>Die Bev\u00f6lkerung hat ein Recht auf Information. Bauvorhaben an sensiblen Orten erwecken mittlerweile zu Recht das Misstrauen der B\u00fcrgerinnen und B\u00fcrger.<\/p>\n<\/div>\n\n\n\n<div class=\"wp-block-column has-global-padding is-content-justification-right is-layout-constrained wp-container-core-column-is-layout-f1f2ed93 wp-block-column-is-layout-constrained\" style=\"flex-basis:66.66%\">\n<div style=\"height:20px\" aria-hidden=\"true\" class=\"wp-block-spacer\"><\/div>\n\n\n\n<h4 class=\"wp-block-heading\">Zum geplanten Hotel<\/h4>\n\n\n\n<ul class=\"wp-block-list\">\n<li>2021 erf\u00e4hrt die \u00d6ffentlichkeit vom geplanten Hotelprojekt. Hinter dem Hotelprojekt steht die  <a href=\"https:\/\/www.the.co.at\/\" target=\"_blank\" rel=\"noreferrer noopener\">Toscana-Hotel-Errichtungsgesellschaft THE<\/a>.<\/li>\n\n\n\n<li>THE hat das Areal von der Bundesimmobiliengesellschaft gepachtet. Der Vertrag ist nicht \u00f6ffentlich einsehbar.<\/li>\n\n\n\n<li>Bereits im M\u00e4rz 2020 wurde dem Gestaltungsbeirat der Gemeinde das Projekt in einer nicht \u00f6ffentlichen Sitzung vorgestellt. Der Bauausschuss kennt das Projekt. &#8222;Es sind noch ein paar beh\u00f6rdliche Punkte abzukl\u00e4ren, ich bin aber sehr zuversichtlich. Die Projektbetreiber m\u00f6chten das Hotel schon 2023 fertig gestellt haben&#8220;, so B\u00fcrgermeister Stefan Krapf. (<a href=\"https:\/\/www.meinbezirk.at\/salzkammergut\/c-lokales\/hinterwirth-architekten-planen-projekt-beim-landschloss-ort_a3978147\" target=\"_blank\" rel=\"noreferrer noopener\">2023 soll neues Hotel in Gmunden er\u00f6ffnen: Hinterwirth Architekten planen Projekt beim Landschloss Ort &#8211; Salzkammergut<\/a>)<\/li>\n\n\n\n<li>300 Betten sind f\u00fcr das Hotel am Toscana-Areal geplant. Das Landschloss Ort soll daf\u00fcr adaptiert werden. Geb\u00e4ude der ehemaligen Forstlichen Ausbildungsst\u00e4tte sollen geschliffen werden. Ein U-f\u00f6rmiger Neubau mit Verbindung zum Schloss ist in Planung.<\/li>\n\n\n\n<li>Ein \u00f6ffentliches Restaurant ist auch vorgesehen, der Park soll \u00f6ffentlich bleiben. Nur ein kleiner Bereich bei der Allee Richtung Holzbr\u00fccke soll als Badefl\u00e4che f\u00fcr die Hotelg\u00e4ste verwendet werden.<\/li>\n\n\n\n<li>Die Stadtgemeinde ist f\u00fcr den Baubescheid zust\u00e4ndig, der seit 2021 unterfertigt ist und noch bis August 2026 G\u00fcltigkeit hat. Die politische Basis f\u00fcr diesen Bescheid bildet ein \u00fcberfraktionelles Bekenntnis zu diesem Hotelprojekt.<\/li>\n\n\n\n<li>\u00dcber den aktuellen Stand (Juni 2025) werden wir und die Bev\u00f6lkerung im Unklaren gelassen. Ein Investor f\u00fcr das Projekt wird von der Hotelerrichtungsgesellschaft nicht genannt.<\/li>\n<\/ul>\n<\/div>\n\n\n\n<div class=\"wp-block-column is-layout-flow wp-block-column-is-layout-flow\"><\/div>\n<\/div>\n\n\n\n<div style=\"height:20px\" aria-hidden=\"true\" class=\"wp-block-spacer\"><\/div>\n\n\n\n<div class=\"wp-block-group has-global-padding is-layout-constrained wp-block-group-is-layout-constrained\">\n<div class=\"wp-block-columns is-layout-flex wp-container-core-columns-is-layout-28f84493 wp-block-columns-is-layout-flex\">\n<div class=\"wp-block-column is-layout-flow wp-block-column-is-layout-flow\" style=\"flex-basis:100%\">\n<div class=\"wp-block-group has-global-padding is-layout-constrained wp-block-group-is-layout-constrained\">\n<div class=\"wp-block-columns is-layout-flex wp-container-core-columns-is-layout-28f84493 wp-block-columns-is-layout-flex\">\n<div class=\"wp-block-column is-layout-flow wp-block-column-is-layout-flow\" style=\"flex-basis:100%\">\n<div class=\"wp-block-group has-global-padding is-layout-constrained wp-block-group-is-layout-constrained\">\n<h4 class=\"wp-block-heading\">Der Verein \u201eWald statt Parkplatz\u201c <\/h4>\n\n\n\n<p>Der Verein hat \u00fcber 4 Jahre hinweg mit Sachkenntnis informiert und versucht die Rodung zu verhindern. <br><a href=\"https:\/\/waldstattparkplatz.com\/was-bisher-geschah\/\" target=\"_blank\" rel=\"noreferrer noopener\">Was bisher geschah \u2013 Retten wir gemeinsam den Auwald<\/a><\/p>\n\n\n\n<p>Hier sprechen die Organisatoren von \u201eWald statt Parkplatz\u201c Jutta Jackstadt und Werner Binder in einem Interview:<br><a href=\"https:\/\/freiesradio.at\/widerhall\/der-widerhall-woche-18-14\/?fbclid=IwY2xjawKHPjJleHRuA2FlbQIxMQABHgbVJtFXD2Qele4dfoUofm8RE8yHD5gcXww9XM0fXUPYEg0WT34SZ-zySuqw_aem_iw-1rqnf5YD_mokXSmdpRw\" target=\"_blank\" rel=\"noreferrer noopener\">Der Widerhall Woche 18 \u2013 Freies Radio Salzkammergut<\/a>. <br>Am Ende der Sendung ein bemerkenswerter Kommentar von Redakteur J\u00f6rg St\u00f6ger.<\/p>\n\n\n\n<div style=\"height:20px\" aria-hidden=\"true\" class=\"wp-block-spacer\"><\/div>\n\n\n\n<h4 class=\"wp-block-heading\">Die Klimastadtr\u00e4tin <\/h4>\n\n\n\n<p>Auf ihrem <a href=\"https:\/\/www.facebook.com\/Uli.Feichtinger.Gmunden\/?locale=de_DE\" data-type=\"link\" data-id=\"https:\/\/www.facebook.com\/Uli.Feichtinger.Gmunden\/?locale=de_DE\" target=\"_blank\" rel=\"noreferrer noopener\">Facebook Account<\/a> h\u00e4lt Ulrike Feichtinger am 5. Mai 2025 die Historie aus Sicht der Gemeindepolitikerin fest. Der Eintrag endet so:<\/p>\n\n\n\n<p>&#8222;<em>Man h\u00e4tte sicher eine L\u00f6sung finden k\u00f6nnen, um den Wald zu erhalten und ein gelungenes Hotelprojekt umzusetzen. Davon bin ich 100%ig \u00fcberzeugt! Durchs Reden kommen die Leut\u2018 z\u2019sam! Wer dem Konsortium schreiben m\u00f6chte, um eine umweltvertr\u00e4gliche L\u00f6sung einzufordern, findet die Adresse im Internet\u201c<\/em>.<\/p>\n\n\n\n<div style=\"height:20px\" aria-hidden=\"true\" class=\"wp-block-spacer\"><\/div>\n\n\n\n<h4 class=\"wp-block-heading\">Stellungnahme des B\u00fcrgermeisters <\/h4>\n\n\n\n<p>Auf der Gmundner Gemeindeseite ist eine Stellungnahme vom B\u00fcrgermeister zu den &#8222;<a href=\"https:\/\/www.gmunden.at\/stellungnahme-rodungsarbeiten-im-zuge-des-hotelprojekts-toscana\/\" target=\"_blank\" rel=\"noreferrer noopener\">Rodungsarbeiten im Zuge des Hotelprojekts Toscana<\/a>&#8220; zu finden. Daraus der letzte Satz:<\/p>\n\n\n\n<p>&#8222;<em>Ich stehe als B\u00fcrgermeister voll und ganz hinter diesem f\u00fcr Gmunden so wichtigen touristischen Projekt, das f\u00fcr enorm viele Arbeitspl\u00e4tze sorgen und die heimische Wirtschaft beleben wird\u201c.<\/em><\/p>\n\n\n\n<div style=\"height:20px\" aria-hidden=\"true\" class=\"wp-block-spacer\"><\/div>\n<\/div>\n<\/div>\n<\/div>\n<\/div>\n<\/div>\n<\/div>\n<\/div>\n\n\n\n<div style=\"height:20px\" aria-hidden=\"true\" class=\"wp-block-spacer\"><\/div>\n\n\n\n<div class=\"wp-block-columns alignwide is-layout-flex wp-container-core-columns-is-layout-28f84493 wp-block-columns-is-layout-flex\">\n<div class=\"wp-block-column has-global-padding is-layout-constrained wp-block-column-is-layout-constrained\" style=\"flex-basis:66.66%\">\n<h4 class=\"wp-block-heading\">Pers\u00f6nlicher Kommentar von Christian Auer<\/h4>\n\n\n\n<p><em>Ein Gef\u00fchl von Traurigkeit macht sich breit beim Anblick der gerodeten Fl\u00e4che. Traurigkeit \u00fcber den Lebensraumverlust vieler Tierarten und \u00fcber die drohende Versiegelung des Bodens.<\/em> <em>Ein Gef\u00fchl der Ohnmacht und der Hoffnungslosigkeit ob der vergeblichen Bem\u00fchung die Rodung doch noch zu verhindern. B\u00fcrgerinnen und B\u00fcrger wurden die Grenzen ihres Engagement aufgezeigt.<\/em> <em>Und ein Gef\u00fchl des Zorns. Zorn gegen das ungehemmte Profitstreben. Alternativen zur Rodung w\u00e4ren m\u00f6glich gewesen. Aber es scheint, als wurde die Devise \u201eParkplatz statt Wald\u201c ausgegeben. Eine \u201etouristische Notwendigkeit\u201c eben. Alles rechtens, alles gut.<\/em><\/p>\n\n\n\n<p><em>Der B\u00fcrgermeister steht \u201evoll und ganz hinter diesem Projekt\u201c. Und somit auch voll und ganz zur Rodung. Das setzt aber voraus, das Projekt voll und ganz zu kennen. Also, wer ist der Investor, wie sehen die Pl\u00e4ne aus, wann ist Baubeginn, gibt es weitere Begehrlichkeiten der Hotelerrichtungsgesellschaft, die auf Kosten der Natur und Erholungssuchende gehen? Zum Beispiel Wegerechte oder Badebuchten exklusiv f\u00fcr Hotelg\u00e4ste<\/em>.<\/p>\n\n\n\n<p><em>Die Bev\u00f6lkerung hat ein nat\u00fcrliches Interesse an Information. Bauvorhaben an sensiblen Orten erwecken mittlerweile zu Recht das Misstrauen der B\u00fcrgerinnen und B\u00fcrger.<\/em> <em>Das ist gleichzeitig aber auch eine Chance f\u00fcr den B\u00fcrgermeister, f\u00fcr die Hotelerrichtungsgesellschaft und f\u00fcr das Land O\u00d6 sich offensiv f\u00fcr Boden- und Klimaschutz sowie f\u00fcr Information und Partizipation der Bev\u00f6lkerung einzusetzen. Sch\u00f6nreden und Ausreden m\u00fcssen ein Ende haben.<\/em><\/p>\n\n\n\n<p><em>Gmunden ist seit 2006 Klimab\u00fcndnis- und seit 2015 Bodenb\u00fcndnis Gemeinde. Der Kahlschlag beim Toskanapark ist ein R\u00fcckschlag ins klimapolitische Mittelalter. Die Zivilgesellschaft darf sich jetzt nicht entmutigen lassen.<\/em> <\/p>\n\n\n\n<p><em>Gmunden, 24. Mai 2025<\/em><\/p>\n<\/div>\n\n\n\n<div class=\"wp-block-column has-background has-global-padding is-layout-constrained wp-container-core-column-is-layout-86dba5ee wp-block-column-is-layout-constrained\" style=\"background-color:#cedace;padding-top:var(--wp--preset--spacing--10);padding-right:var(--wp--preset--spacing--10);padding-bottom:var(--wp--preset--spacing--10);padding-left:var(--wp--preset--spacing--10);flex-basis:33.33%\">\n<h4 class=\"wp-block-heading has-text-align-left\">Was tun?<\/h4>\n\n\n\n<p class=\"has-custom-color-1-color has-text-color has-link-color wp-elements-337ee539ae2451b78e041f977f4cd7f8\">Die gesamte Toskana Halbinsel als gesch\u00fctzten Landschafteil ausweisen. Daf\u00fcr ist das Land O\u00d6 zust\u00e4ndig. Sowohl der Umweltanwalt als auch die Stadtgemeinde Gmunden haben im Jahr 2024 einen entsprechenden Antrag eingebracht. <br><br>Schreib an die O\u00d6 Landesregierung und fordere den Antrag zu bearbeiten.<\/p>\n\n\n\n<div style=\"height:20px\" aria-hidden=\"true\" class=\"wp-block-spacer\"><\/div>\n\n\n\n<hr class=\"wp-block-separator has-alpha-channel-opacity is-style-wide\"\/>\n\n\n\n<div style=\"height:20px\" aria-hidden=\"true\" class=\"wp-block-spacer\"><\/div>\n\n\n\n<p>Die verbleibende Waldfl\u00e4che zwischen Toscanaparkplatz und Wartgraben in Gr\u00fcnland&nbsp;zur\u00fcckwidmen. Aktuell ist die gesamte Fl\u00e4che als Bauland \/ Tourismusgebiet ausgewiesen. <\/p>\n\n\n\n<p>Schreibe an die Gemeinde Gmunden und fordere die Umwidmung.<strong> <\/strong>Das ist auch mittels <a href=\"https:\/\/www.gmunden.at\/aktive-moeglichkeiten-fuer-buergerinnen\/\" target=\"_blank\" rel=\"noreferrer noopener\">B\u00fcrgerantrag<\/a> m\u00f6glich.<\/p>\n\n\n\n<div style=\"height:20px\" aria-hidden=\"true\" class=\"wp-block-spacer\"><\/div>\n\n\n\n<hr class=\"wp-block-separator has-alpha-channel-opacity is-style-wide\"\/>\n\n\n\n<div style=\"height:20px\" aria-hidden=\"true\" class=\"wp-block-spacer\"><\/div>\n\n\n\n<p>Schreib an die <a href=\"https:\/\/www.the.co.at\/\" data-type=\"link\" data-id=\"https:\/\/www.the.co.at\/\" target=\"_blank\" rel=\"noreferrer noopener\">Hotelerrichtungsgesellschaft <\/a>und fordere die Pl\u00e4ne und Vertr\u00e4ge offen zu legen.<\/p>\n<\/div>\n<\/div>\n\n\n\n<div style=\"height:20px\" aria-hidden=\"true\" class=\"wp-block-spacer\"><\/div>\n\n\n\n<p>Herzlichen Dank an alle, die sich f\u00fcr den Erhalt des Auwalds einsetzen!<\/p>\n\n\n\n<p><\/p>\n","protected":false},"excerpt":{"rendered":"<p>Im April 2025 wurden im Toskanapark in Gmunden ca. 6.000 m\u00b2 Wald f\u00fcr einen Parkplatz, der Teil eines geplanten Hotelprojekts ist, gerodet. Auch wenn rechtlich alle Bestimmungen eingehalten wurden, ist das in Zeiten der Klimakrise geradezu grotesk. Das Unverst\u00e4ndnis f\u00fcr dieses Vorgehen geht durch die ganze Bev\u00f6lkerung, zeigt sich bei Protestaktionen und spiegelt sich in [&hellip;]<\/p>\n","protected":false},"author":1,"featured_media":0,"parent":0,"menu_order":0,"comment_status":"closed","ping_status":"closed","template":"startseite","meta":{"ngg_post_thumbnail":0,"footnotes":""},"class_list":["post-2825","page","type-page","status-publish","hentry"],"_links":{"self":[{"href":"https:\/\/www.forum-klimaschutz-gmunden.at\/index.php?rest_route=\/wp\/v2\/pages\/2825","targetHints":{"allow":["GET"]}}],"collection":[{"href":"https:\/\/www.forum-klimaschutz-gmunden.at\/index.php?rest_route=\/wp\/v2\/pages"}],"about":[{"href":"https:\/\/www.forum-klimaschutz-gmunden.at\/index.php?rest_route=\/wp\/v2\/types\/page"}],"author":[{"embeddable":true,"href":"https:\/\/www.forum-klimaschutz-gmunden.at\/index.php?rest_route=\/wp\/v2\/users\/1"}],"replies":[{"embeddable":true,"href":"https:\/\/www.forum-klimaschutz-gmunden.at\/index.php?rest_route=%2Fwp%2Fv2%2Fcomments&post=2825"}],"version-history":[{"count":38,"href":"https:\/\/www.forum-klimaschutz-gmunden.at\/index.php?rest_route=\/wp\/v2\/pages\/2825\/revisions"}],"predecessor-version":[{"id":3329,"href":"https:\/\/www.forum-klimaschutz-gmunden.at\/index.php?rest_route=\/wp\/v2\/pages\/2825\/revisions\/3329"}],"wp:attachment":[{"href":"https:\/\/www.forum-klimaschutz-gmunden.at\/index.php?rest_route=%2Fwp%2Fv2%2Fmedia&parent=2825"}],"curies":[{"name":"wp","href":"https:\/\/api.w.org\/{rel}","templated":true}]}}