{"id":249,"date":"2024-05-17T15:46:13","date_gmt":"2024-05-17T13:46:13","guid":{"rendered":"http:\/\/www.forum-klimaschutz-gmunden.at\/?page_id=249"},"modified":"2026-02-17T19:52:19","modified_gmt":"2026-02-17T18:52:19","slug":"bodenschutz-klimaschutz","status":"publish","type":"page","link":"https:\/\/www.forum-klimaschutz-gmunden.at\/?page_id=249","title":{"rendered":"Orter Wiese"},"content":{"rendered":"\n<div class=\"wp-block-cover alignfull\"><img loading=\"lazy\" decoding=\"async\" width=\"2304\" height=\"1120\" class=\"wp-block-cover__image-background wp-image-2343\" alt=\"\" src=\"https:\/\/www.forum-klimaschutz-gmunden.at\/wp-content\/uploads\/2025\/01\/20240505_095411-2.jpg\" data-object-fit=\"cover\" srcset=\"https:\/\/www.forum-klimaschutz-gmunden.at\/wp-content\/uploads\/2025\/01\/20240505_095411-2.jpg 2304w, https:\/\/www.forum-klimaschutz-gmunden.at\/wp-content\/uploads\/2025\/01\/20240505_095411-2-300x146.jpg 300w, https:\/\/www.forum-klimaschutz-gmunden.at\/wp-content\/uploads\/2025\/01\/20240505_095411-2-1024x498.jpg 1024w, https:\/\/www.forum-klimaschutz-gmunden.at\/wp-content\/uploads\/2025\/01\/20240505_095411-2-768x373.jpg 768w, https:\/\/www.forum-klimaschutz-gmunden.at\/wp-content\/uploads\/2025\/01\/20240505_095411-2-1536x747.jpg 1536w, https:\/\/www.forum-klimaschutz-gmunden.at\/wp-content\/uploads\/2025\/01\/20240505_095411-2-2048x996.jpg 2048w\" sizes=\"auto, (max-width: 2304px) 100vw, 2304px\" \/><span aria-hidden=\"true\" class=\"wp-block-cover__background has-background-dim-40 has-background-dim\" style=\"background-color:#728b53\"><\/span><div class=\"wp-block-cover__inner-container has-global-padding is-layout-constrained wp-block-cover-is-layout-constrained\">\n<p class=\"has-text-align-center has-xx-large-font-size\"><strong>Orter Wiese<\/strong><\/p>\n<\/div><\/div>\n\n\n\n<div style=\"height:21px\" aria-hidden=\"true\" class=\"wp-block-spacer\"><\/div>\n\n\n\n<p class=\"has-text-align-center\">Nach der Aufstellung von Container f\u00fcr Kindergarten und Krabbelstube im Herbst 2024, droht nun der n\u00e4chste Spatenstich gegen die Natur: <\/p>\n\n\n\n<p class=\"has-text-align-center\"><strong>Diskutiert wird die Errichtung eines Prim\u00e4rversorgungszentrums auf der Orter-Wiese in unmittelbarer N\u00e4he zum Krankenhaus.<\/strong><\/p>\n\n\n\n<p class=\"has-text-align-center\">Als Errichter und Betreiber ist die Salvida GmbH im Gespr\u00e4ch. &#8222;<a href=\"https:\/\/www.krone.at\/3592986\" target=\"_blank\" rel=\"noreferrer noopener\">Trotz Expansionskurs &#8211; \u00c4rztezentrum direkt neben Klinikum ist vom Tisch&#8220; <\/a>titelt die Kronenzeitung am 14.11.2024, aber &#8222;was die Zukunft betrifft, kann ich es weder ausschlie\u00dfen noch best\u00e4tigen&#8220; so Salvida Gesch\u00e4ftsf\u00fchrer Dominik Bammer.<\/p>\n\n\n\n<p class=\"has-text-align-center\">Im \u00f6ffentlichen Interesse sollte dieses St\u00fcck Natur erhalten bleiben. <\/p>\n\n\n\n<blockquote class=\"wp-block-quote alignfull is-layout-flow wp-block-quote-is-layout-flow\">\n<h4 class=\"wp-block-heading has-text-align-center\"><em>Dieses St\u00fcck Natur versorgt Anrainer, Krankenhauspersonal und Patienten mit gesunder Luft, gem\u00e4\u00dfigten Temperaturen, bietet Ruhe f\u00fcr Erholung und Freude f\u00fcr&#8217;s Auge<\/em><\/h4>\n<\/blockquote>\n\n\n\n<p>Das Gegenteil w\u00e4re ein versiegelter Boden mit Parkpl\u00e4tzen. Hei\u00df, stickig und laut. Bei bewusstem, verantwortungsvollem Bodenschutz (Gmunden ist Bodenschutz-Gemeinde) kann der Gemeinderat keine Zustimmung zur Bebauung geben.<\/p>\n\n\n\n<div style=\"height:21px\" aria-hidden=\"true\" class=\"wp-block-spacer\"><\/div>\n\n\n\n<h4 class=\"wp-block-heading has-text-align-center\">Container f\u00fcr Kinderbetreuungseinrichtung<\/h4>\n\n\n\n<p>Am 21.5.2024 hat der Gemeinderat beschlossen, die Wiese zwischen Krankenhaus und Kirche Gmunden Ort zu bebauen. Wir haben dagegen bei der Er\u00f6ffnung der Ausstellung &#8222;Boden g&#8217;scheit nutzen&#8220; mit Infobl\u00e4tter und Wortmeldungen protestiert, Lesebriefe verfasst &nbsp;und bei der Gemeinderatssitzung mit einem Transparent auf die unn\u00f6tige Zerst\u00f6rung hingewiesen.<\/p>\n\n\n\n<div data-wp-interactive=\"core\/file\" class=\"wp-block-file alignwide\" style=\"padding-top:0;padding-right:var(--wp--preset--spacing--60);padding-bottom:0;padding-left:var(--wp--preset--spacing--60)\"><object data-wp-bind--hidden=\"!state.hasPdfPreview\" hidden class=\"wp-block-file__embed\" data=\"https:\/\/www.forum-klimaschutz-gmunden.at\/wp-content\/uploads\/2024\/05\/Bodenschutz-Orter-Wiese.pdf\" type=\"application\/pdf\" style=\"width:100%;height:600px\" aria-label=\"Einbettung von Bodenschutz-Orter-Wiese.\"><\/object><a id=\"wp-block-file--media-edbf711f-16f6-4ea1-966f-7f5761d5debd\" href=\"https:\/\/www.forum-klimaschutz-gmunden.at\/wp-content\/uploads\/2024\/05\/Bodenschutz-Orter-Wiese.pdf\">Bodenschutz-Orter-Wiese<\/a><\/div>\n\n\n\n<p><\/p>\n\n\n\n<figure data-wp-context=\"{&quot;imageId&quot;:&quot;6a070779b94c5&quot;}\" data-wp-interactive=\"core\/image\" data-wp-key=\"6a070779b94c5\" class=\"wp-block-image size-full wp-lightbox-container\"><img loading=\"lazy\" decoding=\"async\" width=\"744\" height=\"366\" data-wp-class--hide=\"state.isContentHidden\" data-wp-class--show=\"state.isContentVisible\" data-wp-init=\"callbacks.setButtonStyles\" data-wp-on--click=\"actions.showLightbox\" data-wp-on--load=\"callbacks.setButtonStyles\" data-wp-on-window--resize=\"callbacks.setButtonStyles\" src=\"https:\/\/www.forum-klimaschutz-gmunden.at\/wp-content\/uploads\/2024\/06\/OOe-Nachrichten.jpeg\" alt=\"\" class=\"wp-image-298\" srcset=\"https:\/\/www.forum-klimaschutz-gmunden.at\/wp-content\/uploads\/2024\/06\/OOe-Nachrichten.jpeg 744w, https:\/\/www.forum-klimaschutz-gmunden.at\/wp-content\/uploads\/2024\/06\/OOe-Nachrichten-300x148.jpeg 300w\" sizes=\"auto, (max-width: 744px) 100vw, 744px\" \/><button\n\t\t\tclass=\"lightbox-trigger\"\n\t\t\ttype=\"button\"\n\t\t\taria-haspopup=\"dialog\"\n\t\t\taria-label=\"Vergr\u00f6\u00dfern\"\n\t\t\tdata-wp-init=\"callbacks.initTriggerButton\"\n\t\t\tdata-wp-on--click=\"actions.showLightbox\"\n\t\t\tdata-wp-style--right=\"state.imageButtonRight\"\n\t\t\tdata-wp-style--top=\"state.imageButtonTop\"\n\t\t>\n\t\t\t<svg xmlns=\"http:\/\/www.w3.org\/2000\/svg\" width=\"12\" height=\"12\" fill=\"none\" viewBox=\"0 0 12 12\">\n\t\t\t\t<path fill=\"#fff\" d=\"M2 0a2 2 0 0 0-2 2v2h1.5V2a.5.5 0 0 1 .5-.5h2V0H2Zm2 10.5H2a.5.5 0 0 1-.5-.5V8H0v2a2 2 0 0 0 2 2h2v-1.5ZM8 12v-1.5h2a.5.5 0 0 0 .5-.5V8H12v2a2 2 0 0 1-2 2H8Zm2-12a2 2 0 0 1 2 2v2h-1.5V2a.5.5 0 0 0-.5-.5H8V0h2Z\" \/>\n\t\t\t<\/svg>\n\t\t<\/button><\/figure>\n\n\n\n<div class=\"wp-block-file alignwide\" style=\"padding-right:var(--wp--preset--spacing--60);padding-left:var(--wp--preset--spacing--60)\"><a id=\"wp-block-file--media-384864e6-af80-405b-aa13-b2e9742dce55\" href=\"https:\/\/www.forum-klimaschutz-gmunden.at\/wp-content\/uploads\/2024\/06\/OOeN-Gemeinderatssitzung.pdf\">OOeN-Gemeinderatssitzung<\/a><\/div>\n\n\n\n<figure class=\"wp-block-image size-full\"><img loading=\"lazy\" decoding=\"async\" width=\"928\" height=\"563\" src=\"https:\/\/www.forum-klimaschutz-gmunden.at\/wp-content\/uploads\/2024\/06\/image.png\" alt=\"\" class=\"wp-image-314\" srcset=\"https:\/\/www.forum-klimaschutz-gmunden.at\/wp-content\/uploads\/2024\/06\/image.png 928w, https:\/\/www.forum-klimaschutz-gmunden.at\/wp-content\/uploads\/2024\/06\/image-300x182.png 300w, https:\/\/www.forum-klimaschutz-gmunden.at\/wp-content\/uploads\/2024\/06\/image-768x466.png 768w\" sizes=\"auto, (max-width: 928px) 100vw, 928px\" \/><\/figure>\n\n\n\n<div class=\"wp-block-buttons is-content-justification-center is-layout-flex wp-container-core-buttons-is-layout-a89b3969 wp-block-buttons-is-layout-flex\">\n<div class=\"wp-block-button is-style-fill\"><a class=\"wp-block-button__link has-base-color has-text-color has-background has-link-color wp-element-button\" href=\"https:\/\/www.forum-klimaschutz-gmunden.at\/?page_id=776\" style=\"background-color:#5a7396\">zur\u00fcck zu &#8222;Boden &#8211; B\u00e4ume &#8211; Renaturierung&#8220;<\/a><\/div>\n<\/div>\n\n\n\n<p class=\"has-text-align-center has-small-font-size\">Titelbild: Christian Auer<\/p>\n","protected":false},"excerpt":{"rendered":"<p>Nach der Aufstellung von Container f\u00fcr Kindergarten und Krabbelstube im Herbst 2024, droht nun der n\u00e4chste Spatenstich gegen die Natur: Diskutiert wird die Errichtung eines Prim\u00e4rversorgungszentrums auf der Orter-Wiese in unmittelbarer N\u00e4he zum Krankenhaus. Als Errichter und Betreiber ist die Salvida GmbH im Gespr\u00e4ch. &#8222;Trotz Expansionskurs &#8211; \u00c4rztezentrum direkt neben Klinikum ist vom Tisch&#8220; titelt [&hellip;]<\/p>\n","protected":false},"author":1,"featured_media":0,"parent":139,"menu_order":0,"comment_status":"closed","ping_status":"closed","template":"startseite","meta":{"ngg_post_thumbnail":0,"footnotes":""},"class_list":["post-249","page","type-page","status-publish","hentry"],"_links":{"self":[{"href":"https:\/\/www.forum-klimaschutz-gmunden.at\/index.php?rest_route=\/wp\/v2\/pages\/249","targetHints":{"allow":["GET"]}}],"collection":[{"href":"https:\/\/www.forum-klimaschutz-gmunden.at\/index.php?rest_route=\/wp\/v2\/pages"}],"about":[{"href":"https:\/\/www.forum-klimaschutz-gmunden.at\/index.php?rest_route=\/wp\/v2\/types\/page"}],"author":[{"embeddable":true,"href":"https:\/\/www.forum-klimaschutz-gmunden.at\/index.php?rest_route=\/wp\/v2\/users\/1"}],"replies":[{"embeddable":true,"href":"https:\/\/www.forum-klimaschutz-gmunden.at\/index.php?rest_route=%2Fwp%2Fv2%2Fcomments&post=249"}],"version-history":[{"count":38,"href":"https:\/\/www.forum-klimaschutz-gmunden.at\/index.php?rest_route=\/wp\/v2\/pages\/249\/revisions"}],"predecessor-version":[{"id":3797,"href":"https:\/\/www.forum-klimaschutz-gmunden.at\/index.php?rest_route=\/wp\/v2\/pages\/249\/revisions\/3797"}],"up":[{"embeddable":true,"href":"https:\/\/www.forum-klimaschutz-gmunden.at\/index.php?rest_route=\/wp\/v2\/pages\/139"}],"wp:attachment":[{"href":"https:\/\/www.forum-klimaschutz-gmunden.at\/index.php?rest_route=%2Fwp%2Fv2%2Fmedia&parent=249"}],"curies":[{"name":"wp","href":"https:\/\/api.w.org\/{rel}","templated":true}]}}